 common divisor of 98 and 21?
7
What is the greatest common factor of 4 and 409?
1
Calculate the highest common divisor of 17 and 119.
17
What is the highest common divisor of 524 and 16?
4
Calculate the highest common divisor of 25 and 6125.
25
What is the highest common factor of 193 and 1?
1
Calculate the highest common factor of 118 and 10207.
59
What is the highest common factor of 756 and 5124?
84
What is the highest common factor of 2907 and 342?
171
What is the greatest common factor of 6 and 24?
6
Calculate the greatest common factor of 32 and 4864.
32
What is the greatest common factor of 2968 and 112?
56
Calculate the greatest common divisor of 28 and 616.
28
Calculate the highest common factor of 634 and 14.
2
Calculate the highest common factor of 30 and 20.
10
What is the highest common factor of 489 and 27?
3
What is the greatest common divisor of 32 and 2?
2
What is the greatest common divisor of 5196 and 12?
12
Calculate the highest common factor of 5243 and 49.
49
Calculate the highest common factor of 4048 and 64.
16
What is the greatest common divisor of 570 and 90?
30
What is the highest common divisor of 192 and 320?
64
What is the greatest common divisor of 28 and 4?
4
What is the highest common factor of 16 and 232?
8
What is the highest common factor of 1785 and 630?
105
What is the greatest common divisor of 624 and 429?
39
What is the greatest common divisor of 18 and 117?
9
Calculate the greatest common divisor of 16 and 664.
8
What is the greatest common factor of 5 and 745?
5
What is the highest common divisor of 66 and 11374?
22
What is the highest common divisor of 425 and 85?
85
Calculate the highest common factor of 144 and 128.
16
Calculate the highest common factor of 1665 and 720.
45
Calculate the greatest common factor of 2255 and 55.
55
Calculate the greatest common divisor of 312 and 195.
39
Calculate the highest common divisor of 26 and 338.
26
What is the highest common divisor of 2 and 289?
1
Calculate the highest common divisor of 2460 and 180.
60
Calculate the greatest common divisor of 1 and 38.
1
Calculate the greatest common divisor of 244 and 4.
4
Calculate the highest common factor of 5453 and 266.
133
What is the highest common divisor of 11 and 341?
11
What is the highest common divisor of 285 and 10?
5
Calculate the highest common factor of 855 and 65.
5
What is the greatest common divisor of 126 and 6258?
42
Calculate the greatest common factor of 25156 and 228.
76
What is the highest common divisor of 234 and 774?
18
What is the greatest common factor of 13095 and 108?
27
Calculate the greatest common divisor of 345 and 15.
15
What is the greatest common factor of 39286 and 26?
26
What is the highest common divisor of 90 and 558?
18
Calculate the greatest common factor of 7644 and 91.
91
Calculate the highest common divisor of 2440 and 520.
40
Calculate the greatest common factor of 3379 and 218.
109
What is the greatest common factor of 381 and 6?
3
What is the greatest common divisor of 68 and 51?
17
Calculate the greatest common divisor of 817 and 86.
43
What is the greatest common divisor of 30 and 1110?
30
Calculate the highest common factor of 1 and 7307.
1
Calculate the highest common factor of 80 and 32.
16
Calculate the highest common factor of 2 and 431.
1
Calculate the greatest common factor of 82 and 27142.
82
What is the greatest common factor of 90 and 8040?
30
Calculate the highest common divisor of 21 and 329.
7
What is the greatest common divisor of 539 and 319?
11
Calculate the greatest common divisor of 2261 and 5355.
119
Calculate the greatest common divisor of 686 and 84.
14
Calculate the greatest common divisor of 22663 and 173.
173
Calculate the greatest common divisor of 44 and 8.
4
Calculate the highest common factor of 8 and 8776.
8
What is the highest common divisor of 2279 and 106?
53
Calculate the highest common divisor of 629 and 136.
17
Calculate the greatest common factor of 128 and 1424.
16
What is the highest common divisor of 161 and 6026?
23
What is the greatest common divisor of 172 and 258?
86
Calculate the highest common factor of 24 and 276.
12
What is the highest common factor of 18210 and 90?
30
Calculate the highest common divisor of 59 and 1711.
59
What is the highest common factor of 19 and 30799?
19
Calculate the highest common factor of 1057 and 7.
7
Calculate the greatest common factor of 396 and 330.
66
Calculate the greatest common divisor of 61 and 3721.
61
Calculate the highest common factor of 21 and 49.
7
Calculate the highest common factor of 3033 and 9.
9
Calculate the highest common factor of 4995 and 75.
15
Calculate the highest common divisor of 35 and 385.
35
What is the highest common divisor of 3912 and 24?
24
What is the greatest common factor of 376 and 37976?
376
What is the greatest common divisor of 3 and 1?
1
What is the highest common divisor of 6 and 30?
6
Calculate the highest common factor of 6 and 16.
2
What is the greatest common factor of 270 and 180?
90
Calculate the highest common factor of 110 and 1210.
110
What is the greatest common divisor of 31 and 2418?
31
Calculate the greatest common divisor of 91 and 112.
7
Calculate the greatest common factor of 19696 and 16.
16
Calculate the greatest common divisor of 413 and 15517.
59
What is the greatest common factor of 332 and 4?
4
Calculate the highest common divisor of 1638 and 644.
14
Calculate the highest common factor of 6 and 750.
6
What is the highest common factor of 21 and 336?
21
What is the greatest common factor of 218 and 9374?
218
Calculate the greatest common divisor of 27 and 135.
27
What is the highest common factor of 122 and 7?
1
Calculate the highest common divisor of 15553 and 103.
103
What is the greatest common factor of 35 and 511?
7
Calculate the highest common factor of 120 and 2.
2
What is the highest common divisor of 1350 and 162?
54
Calculate the highest common factor of 1441 and 524.
131
What is the greatest common factor of 9 and 171?
9
What is the highest common divisor of 260 and 832?
52
Calculate the greatest common divisor of 36 and 2304.
36
Calculate the highest common divisor of 4 and 956.
4
Calculate the highest common divisor of 69 and 69.
69
Calculate the highest common divisor of 144 and 2106.
18
Calculate the greatest common factor of 245 and 196.
49
What is the highest common divisor of 3663 and 99?
99
What is the highest common factor of 2756 and 52?
52
Calculate the greatest common divisor of 190 and 10.
10
Calculate the greatest common factor of 1148 and 1558.
82
What is the highest common divisor of 205 and 246?
41
Calculate the highest common factor of 148416 and 96.
96
Calculate the greatest common divisor of 21749 and 182.
91
Calculate the highest common factor of 360 and 6408.
72
Calculate the highest common factor of 106 and 14.
2
What is the greatest common factor of 175 and 420?
35
Calculate the greatest common divisor of 1 and 1.
1
Calculate the greatest common factor of 35 and 7140.
35
What is the greatest common factor of 208 and 32?
16
Calculate the greatest common divisor of 26 and 637.
13
Calculate the greatest common divisor of 22 and 704.
22
Calculate the highest common divisor of 17 and 10421.
17
Calculate the greatest common factor of 702 and 858.
78
Calculate the greatest common factor of 48 and 48.
48
Calculate the greatest common factor of 78 and 72.
6
What is the greatest common divisor of 912 and 57?
57
Calculate the highest common divisor of 1778 and 14.
14
Calculate the highest common factor of 434 and 558.
62
Calculate the greatest common divisor of 3094 and 68.
34
Calculate the highest common divisor of 30 and 135.
15
What is the highest common divisor of 445 and 267?
89
What is the greatest common divisor of 392 and 245?
49
What is the highest common factor of 260 and 26?
26
What is the highest common divisor of 4748 and 8?
4
What is the greatest common factor of 58 and 16?
2
Calculate the highest common divisor of 2211 and 495.
33
Calculate the greatest common factor of 165 and 60.
15
Calculate the greatest common factor of 182 and 1547.
91
Calculate the highest common factor of 3483 and 3612.
129
Calculate the greatest common factor of 406 and 42.
14
Calculate the highest common diviso